{"id":835,"date":"2020-09-16T16:09:58","date_gmt":"2020-09-16T21:09:58","guid":{"rendered":"https:\/\/baatsil.com\/ciclos\/?page_id=835"},"modified":"2020-09-16T16:16:31","modified_gmt":"2020-09-16T21:16:31","slug":"terminos-y-condiciones","status":"publish","type":"page","link":"https:\/\/baatsil.com\/ciclos\/terminos-y-condiciones\/","title":{"rendered":"T\u00e9rminos y Condiciones"},"content":{"rendered":"<p><strong>DESCARGO DE RESPONSABILIDAD<\/strong><\/p>\n<p>Todas las donaciones, transacciones y transferencias realizadas son voluntarias. Cada participante realiza sus transacciones libremente, conociendo y comprendiendo de antemano el funcionamiento del sistema.<\/p>\n<p>Todos los c\u00e1lculos se realizan autom\u00e1ticamente y de acuerdo al n\u00famero de participantes y posiciones en cada ciclo, siendo cada ciclo totalmente independiente y distinto de cualquier otro.<\/p>\n<p>Baatsil en ning\u00fan momento asegura o garantiza la obtenci\u00f3n de alg\u00fan rendimiento, utilidad o beneficio. Las palabras &#8220;ganancias&#8221;, &#8220;ingresos&#8221;, \u201cbeneficios\u201d, \u201cdonaciones\u201d y definiciones similares en el sitio son de naturaleza publicitaria y no son una oferta p\u00fablica.<\/p>\n<p>Cada participante es el \u00fanico responsable de atender y responder a la carga fiscal aplicable en su pa\u00eds conforme a los beneficios que pudiera percibir de participar en este sistema.<\/p>\n<p>Ninguna transacci\u00f3n o transferencia es reembolsable o cancelable. Cada participante es responsable de ingresar correctamente la informaci\u00f3n solicitada por el sistema.<\/p>\n<p>Baatsil no tiene forma de identificar personalmente a los participantes, ni su informaci\u00f3n personal. Cada participante es responsable de ingresar correctamente la informaci\u00f3n solicitada por el sistema.<\/p>\n<p>La cuenta del participante es inaccesible sin la contrase\u00f1a correcta, el participante es responsable de guardar su contrase\u00f1a de forma correcta.<\/p>\n<p>Al hacer uso del sistema Baatsil, se entiende que el participante conoce su funcionamiento, por lo que al hacer uso y participar del mismo se abstendr\u00e1 de cualquier juicio o demanda en contra del proyecto y\/o los organizadores.<\/p>\n<p>Al hacer uso de esta pagina https:baatsil.com, www.baatsil.com, http:\/\/baatsil.com, baatsil.com y cualquier pagina web que involucre los dominios anteriores, el usuario da por aceptado y conocido los presentes &#8220;T\u00e9rminos y Condiciones&#8221;<\/p>\n","protected":false},"excerpt":{"rendered":"<p>DESCARGO DE RESPONSABILIDAD Todas las donaciones, transacciones y transferencias realizadas son voluntarias. Cada participante realiza sus transacciones libremente, conociendo y comprendiendo de antemano el funcionamiento del sistema. Todos los c\u00e1lculos se realizan autom\u00e1ticamente y de acuerdo al n\u00famero de participantes y posiciones en cada ciclo, siendo cada ciclo totalmente independiente y distinto de cualquier otro. [&hellip;]<\/p>\n","protected":false},"author":1,"featured_media":0,"parent":0,"menu_order":0,"comment_status":"closed","ping_status":"closed","template":"","meta":{"_acf_changed":false,"_et_pb_use_builder":"","_et_pb_old_content":"","_et_gb_content_width":"","footnotes":""},"class_list":["post-835","page","type-page","status-publish","hentry"],"acf":[],"_links":{"self":[{"href":"https:\/\/baatsil.com\/ciclos\/wp-json\/wp\/v2\/pages\/835","targetHints":{"allow":["GET"]}}],"collection":[{"href":"https:\/\/baatsil.com\/ciclos\/wp-json\/wp\/v2\/pages"}],"about":[{"href":"https:\/\/baatsil.com\/ciclos\/wp-json\/wp\/v2\/types\/page"}],"author":[{"embeddable":true,"href":"https:\/\/baatsil.com\/ciclos\/wp-json\/wp\/v2\/users\/1"}],"replies":[{"embeddable":true,"href":"https:\/\/baatsil.com\/ciclos\/wp-json\/wp\/v2\/comments?post=835"}],"version-history":[{"count":6,"href":"https:\/\/baatsil.com\/ciclos\/wp-json\/wp\/v2\/pages\/835\/revisions"}],"predecessor-version":[{"id":842,"href":"https:\/\/baatsil.com\/ciclos\/wp-json\/wp\/v2\/pages\/835\/revisions\/842"}],"wp:attachment":[{"href":"https:\/\/baatsil.com\/ciclos\/wp-json\/wp\/v2\/media?parent=835"}],"curies":[{"name":"wp","href":"https:\/\/api.w.org\/{rel}","templated":true}]}}